{"id":37,"date":"2024-02-12T20:39:28","date_gmt":"2024-02-12T20:39:28","guid":{"rendered":"https:\/\/gs377.scout.es\/?page_id=37"},"modified":"2024-02-12T20:39:29","modified_gmt":"2024-02-12T20:39:29","slug":"quienes-somos","status":"publish","type":"page","link":"https:\/\/gs377.scout.es\/index.php\/quienes-somos\/","title":{"rendered":"\u00bfQui\u00e9nes somos?"},"content":{"rendered":"\n<p>El Grupo Scout San Francesc lleva comprometido con el desarrollo integral de nuestros jovenes miembros desde 1979, los Scouts son forjados alrededor de una serie de valores los cuales el grupo lleva m\u00e1s de 4 decadas promoviendo, unos ejemplos de estos valores son: respeto por la naturaleza, la amistad, la ciudadan\u00eda activa y el servicio comunitario.<\/p>\n\n\n\n<p>Nuestro programa ofrece una variedad de actividades para permitir el desarrollo de estos valores, contamos con diferentes actividades como talleres de supervivencia o talleres de desarrollo de valores personales y emocionales, tambien tenemos una serie de campamentos al aire libre donde se pondr\u00e1 en practica todo lo aprendido permitiendoles usar sus conocimientos en un entorno real.<\/p>\n\n\n\n<p>El Grupo Scout San Francesc est\u00e1 formado por un equipo apasionado de jovenes voluntarios y comprometidos, todos juntos trabajamos para compartir nuestra pasi\u00f3n por el aprendizaje a trav\u00e9s de la acci\u00f3n&nbsp;y&nbsp;el&nbsp;servicio.<\/p>\n","protected":false},"excerpt":{"rendered":"<p>El Grupo Scout San Francesc lleva comprometido con el desarrollo integral de nuestros jovenes miembros desde 1979, los Scouts son forjados alrededor de una serie de valores los cuales el grupo lleva m\u00e1s de 4 decadas promoviendo, unos ejemplos de estos valores son: respeto por la naturaleza, la amistad, la ciudadan\u00eda activa y el servicio [&hellip;]<\/p>\n","protected":false},"author":2,"featured_media":0,"parent":0,"menu_order":0,"comment_status":"closed","ping_status":"closed","template":"","meta":{"footnotes":""},"class_list":["post-37","page","type-page","status-publish","hentry"],"_links":{"self":[{"href":"https:\/\/gs377.scout.es\/index.php\/wp-json\/wp\/v2\/pages\/37","targetHints":{"allow":["GET"]}}],"collection":[{"href":"https:\/\/gs377.scout.es\/index.php\/wp-json\/wp\/v2\/pages"}],"about":[{"href":"https:\/\/gs377.scout.es\/index.php\/wp-json\/wp\/v2\/types\/page"}],"author":[{"embeddable":true,"href":"https:\/\/gs377.scout.es\/index.php\/wp-json\/wp\/v2\/users\/2"}],"replies":[{"embeddable":true,"href":"https:\/\/gs377.scout.es\/index.php\/wp-json\/wp\/v2\/comments?post=37"}],"version-history":[{"count":3,"href":"https:\/\/gs377.scout.es\/index.php\/wp-json\/wp\/v2\/pages\/37\/revisions"}],"predecessor-version":[{"id":60,"href":"https:\/\/gs377.scout.es\/index.php\/wp-json\/wp\/v2\/pages\/37\/revisions\/60"}],"wp:attachment":[{"href":"https:\/\/gs377.scout.es\/index.php\/wp-json\/wp\/v2\/media?parent=37"}],"curies":[{"name":"wp","href":"https:\/\/api.w.org\/{rel}","templated":true}]}}