{"id":2,"date":"2023-09-14T08:36:39","date_gmt":"2023-09-14T08:36:39","guid":{"rendered":"https:\/\/gs377.scout.es\/?page_id=2"},"modified":"2024-03-21T11:51:24","modified_gmt":"2024-03-21T11:51:24","slug":"sample-page","status":"publish","type":"page","link":"https:\/\/gs377.scout.es\/index.php\/sample-page\/","title":{"rendered":"Manada de la Flor Roja"},"content":{"rendered":"\n<p>En esta etapa los ni\u00f1os y ni\u00f1as de 8 a 12 a\u00f1os aprenden a convivir en peque\u00f1os grupos de seis, llamados \u201cseisenas\u201d, en las que se reparten responsabilidades y aprenden a trabajar juntos, desplegando sus h\u00e1bitos, habilidades sociales y responsabiliz\u00e1ndose de su tarea.<\/p>\n\n\n\n<p>A trav\u00e9s del juego, el ni\u00f1o aprende a quererse y a respetarse, y a querer y respetar a los dem\u00e1s. Es a trav\u00e9s de ello que va adquiriendo sus propios valores personales que le acompa\u00f1ar\u00e1n siempre.<br>Mediante talleres se iniciar\u00e1n en destrezas y habilidades, y con las excursiones y campamentos, a desenvolverse por s\u00ed mismos de manera cada vez m\u00e1s aut\u00f3noma.<\/p>\n\n\n\n<p>El marco simb\u00f3lico de la manada es \u201cEl libro de las Tierras V\u00edrgenes\u201d, cuyo extracto m\u00e1s famoso es \u201cEl libro de la Selva\u201d, de Rudyard Kipling. Se utiliza dicho marco para hacer una inmersi\u00f3n divertida en el escultismo, y los lobatos y lobatas aprender\u00e1n de las Viejas lobas (scouters\/monitoras). El desarrollo de la imaginaci\u00f3n permite al educador hablar un lenguaje accesible&nbsp;para&nbsp;el&nbsp;ni\u00f1o.<\/p>\n","protected":false},"excerpt":{"rendered":"<p>En esta etapa los ni\u00f1os y ni\u00f1as de 8 a 12 a\u00f1os aprenden a convivir en peque\u00f1os grupos de seis, llamados \u201cseisenas\u201d, en las que se reparten responsabilidades y aprenden a trabajar juntos, desplegando sus h\u00e1bitos, habilidades sociales y responsabiliz\u00e1ndose de su tarea. A trav\u00e9s del juego, el ni\u00f1o aprende a quererse y a respetarse, [&hellip;]<\/p>\n","protected":false},"author":1,"featured_media":0,"parent":0,"menu_order":0,"comment_status":"closed","ping_status":"closed","template":"","meta":{"footnotes":""},"class_list":["post-2","page","type-page","status-publish","hentry"],"_links":{"self":[{"href":"https:\/\/gs377.scout.es\/index.php\/wp-json\/wp\/v2\/pages\/2","targetHints":{"allow":["GET"]}}],"collection":[{"href":"https:\/\/gs377.scout.es\/index.php\/wp-json\/wp\/v2\/pages"}],"about":[{"href":"https:\/\/gs377.scout.es\/index.php\/wp-json\/wp\/v2\/types\/page"}],"author":[{"embeddable":true,"href":"https:\/\/gs377.scout.es\/index.php\/wp-json\/wp\/v2\/users\/1"}],"replies":[{"embeddable":true,"href":"https:\/\/gs377.scout.es\/index.php\/wp-json\/wp\/v2\/comments?post=2"}],"version-history":[{"count":3,"href":"https:\/\/gs377.scout.es\/index.php\/wp-json\/wp\/v2\/pages\/2\/revisions"}],"predecessor-version":[{"id":69,"href":"https:\/\/gs377.scout.es\/index.php\/wp-json\/wp\/v2\/pages\/2\/revisions\/69"}],"wp:attachment":[{"href":"https:\/\/gs377.scout.es\/index.php\/wp-json\/wp\/v2\/media?parent=2"}],"curies":[{"name":"wp","href":"https:\/\/api.w.org\/{rel}","templated":true}]}}